of t(a)?
1
Suppose -1556*r = -1550*r - 1044. What is the tens digit of (4 + -9 + 9)/(1/r)?
9
Suppose m = 4*m + 15, 0 = 5*s + 4*m + 25. Suppose 0 = -2*h + 2*c + 8, 3*h - 5*c - 17 + 3 = 0. What is the units digit of (s + 9 - h) + -1 + 196?
0
Suppose 0 = -2*h - 780*t + 777*t + 36808, -3*h + 55212 = 3*t. What is the thousands digit of h?
8
Suppose 0 = 3*h - 3*f, 3*h - 3*f + 8 = 2*f. Suppose -h*i - 2*l = -528, i - l = -i + 272. What is the hundreds digit of i?
1
Let k(q) = 4*q**2 + 4*q + 2. Suppose 0 = 6*h + 145 - 127. What is the tens digit of k(h)?
2
Let o = 11 + -5. Let z be (-3)/(-1) + (1 - o). What is the units digit of 29/((-1)/((z - 2)/4))?
9
Let m(t) be the second derivative of 0 - 4*t - 1/6*t**3 - 2*t**2 + 3/2*t**4. What is the units digit of m(-2)?
0
Suppose 320*m = 349*m - 162139. What is the thousands digit of m?
5
Suppose 0 = -5*w + 25. Suppose 3*k - 5*a - 35 = 0, 2*a = -k - w + 2. Suppose 0 = -2*j - k*b + 113, 0*b - 365 = -5*j + 4*b. What is the tens digit of j?
6
Let o be -3 - 18/(-12)*6. Suppose -3*v + o*v - 660 = 3*q, 208 = v - 4*q. Suppose -6*j + 2*j + v = 0. What is the tens digit of j?
5
Let q = 28087 + -14673. What is the units digit of q?
4
Let z(t) = -10095*t - 1732. What is the hundreds digit of z(-3)?
5
Let b be (3 + -8)*6/(-15) + 4. Suppose -l + 618 = -p, 3*l - b*l + 1862 = p. What is the units digit of l?
0
Let m(y) = -3*y**2 + 2*y - 7. Let p be m(7). Let u(s) = 7*s + 138. Let d be u(-20). What is the units digit of d/((-8)/p)*-5?
5
Let w(i) be the third derivative of i**7/315 - i**6/360 + 13*i**5/30 - 25*i**2. Let a(h) be the third derivative of w(h). What is the units digit of a(9)?
2
What is the ten thousands digit of (864375/(-2500))/(1/(-40))?
1
Let s(c) = 493*c**2 - 47*c - 19. What is the tens digit of s(-3)?
5
What is the tens digit of 263350/(-15)*282/(-235)?
6
Let y = -335 + 335. Let p(f) = 20*f + 694. What is the tens digit of p(y)?
9
Let l(c) = -c**3 + 5*c**2 + 3. Let g be l(5). Let q be 111*(-5)/(15/(-13)). Suppose -4*w = -2*m - 486, -g*w - w - 3*m = -q. What is the hundreds digit of w?
1
Let z(n) = -2*n**3 + 33*n**2 - 15*n - 18. Let y be z(16). What is the tens digit of y*(-2)/(-5)*725/(-10)?
5
Let m = 349 - 285. What is the units digit of m?
4
Let q(r) be the third derivative of 0*r - 11/6*r**3 - 5/8*r**4 + 0 + 7*r**2. What is the tens digit of q(-8)?
0
Suppose 6*a - 2*a = 0. Suppose a = w + 6*w + 1736. What is the units digit of (-3)/(3 - 12) + w/(-3)?
3
Let l be (18/135*5)/(6/3735). Let k = 433 - l. What is the units digit of k?
8
What is the hundreds digit of (9907/3)/(4/12) - (-86 + 80)?
9
Suppose 0 = 2*s + 3*m - 12277, 3*m = -m - 12. Suppose -4667 = -10*x + s. What is the thousands digit of x?
1
Let n(r) = 3*r**2 + 73*r + 24. Let c be n(-24). Suppose 0 = -c*a + 4*a - 6576. What is the units digit of a?
4
What is the thousands digit of 23896/1 - ((-4)/(16/(-36)) - 15)?
3
Let f = 151 + -288. Suppose 2 = 2*m, -u + 204 = -2*u + 3*m. Let k = f - u. What is the tens digit of k?
6
Suppose 13078 = -15*b + 17*b. Suppose -11*d = 2*d - b. What is the hundreds digit of d?
5
Suppose 0 = 59*j - 48*j - 54879. What is the hundreds digit of j?
9
Let p = 32938 - 17185. What is the units digit of p?
3
Let f(t) = 21*t + 15. Let l be f(-6). Let x = l - -204. Suppose -x = -2*u + 163. What is the hundreds digit of u?
1
Let i(o) = 16*o**2 - 7*o + 41. Let q be (-5)/(-2)*550/125. What is the thousands digit of i(q)?
1
Suppose 7*y = 218 - 141. Suppose y*r - 4219 = -853. What is the units digit of r?
6
Let h(f) = -10*f - 68. Let n be h(-6). What is the tens digit of (-1140)/(-27) - -3 - n/(-36)?
4
Suppose -33*u - 356 = 964. Suppose -3*p - 83 = -m, p + m + 0*m = -29. Let a = p - u. What is the units digit of a?
2
Let u be ((-2)/(-8)*0)/2 - -2. Suppose k - u*k = -332. Suppose 11*y - 7*y - k = 0. What is the units digit of y?
3
Suppose 815 = 20*m - 385. What is the hundreds digit of (-5)/(m/(-11178))*2?
8
Let q(r) = 4*r**2 + r - 92. Let z be q(21). Suppose -5*a + 12*p - 11*p = -2819, p + z = 3*a. What is the units digit of a?
3
Let a = -32 - 51. Suppose 0 = -5*i - 2*w - 452, 3*i = 111*w - 114*w - 264. Let h = a - i. What is the units digit of h?
9
Let q(g) be the third derivative of -g**6/120 - 7*g**5/20 + 7*g**4/6 - 15*g**3/2 - 2*g**2 + 11*g. What is the hundreds digit of q(-23)?
3
Suppose 33*i + 2880 = 41*i. What is the units digit of 2 + -1 + i/20?
9
Let z be (-6)/(-6) - (1 + -5). Suppose -5*x = 5, 5*v + z*x = 21 - 6. What is the units digit of v/2*(-174)/(-12)?
9
Let l(a) = a**3 + 16*a**2 + 2*a - 38. Let w be l(-11). Let g = w + -71. What is the hundreds digit of g?
4
Let y = -9920 - -13358. What is the tens digit of y?
3
Suppose 0 = 4*o - 8, 112 = -4*n + 5*o + 630. Suppose 0 = -3*v + 543 - n. What is the units digit of v?
7
Let r = 50 - 38. Suppose -g + 2886 = r*g. What is the units digit of g?
2
Let u be 82/(-32)*-4 + 2/(-8). What is the units digit of (2220/50)/(-5*u/(-125))?
1
Suppose -2*d + 69699 - 261 = 5*n, -3*n + 41659 = 5*d. What is the thousands digit of n?
3
Suppose -6*g = -2454 - 17100. What is the hundreds digit of g?
2
Let d(s) = -s**3 - 13*s**2 + 15*s + 37. Let f be d(-15). Suppose 4*q = 3110 + f. What is the hundreds digit of q?
8
Let f(g) = g**2 + 15*g - 31. Let h be f(-17). Let t be (2 - 2)/(-2 + h). Suppose t = c - 6*c + 565. What is the units digit of c?
3
Let g(o) = 19*o - 35. Let p be g(8). Suppose -t = -p + 10. What is the units digit of t?
7
Suppose -10*f + 31 = -19. Suppose f*u + 2*i = -316, -4*u - i + 121 = -6*u. Let h = u - -110. What is the tens digit of h?
4
Suppose -3*o - 2*n - 111 = 0, 18 + 23 = -o - 2*n. Let g = o - -24. Let w = 78 - g. What is the units digit of w?
9
Let z = 69613 - 41924. What is the thousands digit of z?
7
Let x(z) = z**3 - 10*z**2 + 8*z - 26. Let t(l) = l + 1. Let h be (-15)/6*30/25. Let s(j) = h*t(j) - x(j). What is the tens digit of s(8)?
6
Let l be -6*(-3)/18*45. Suppose 0 = -18*y + 567 + l. What is the tens digit of y?
3
Let v(z) = -9*z + 3. Let k(p) = 4*p**2 - 9*p + 2. Let d(j) = 3*k(j) - 2*v(j). What is the units digit of d(-7)?
1
Let t(i) = -49*i + 1. Suppose 4*r - 2*r + 41 = -3*k, 5*k - 2*r + 79 = 0. Let s be (-1 - -3)*k/30. What is the tens digit of t(s)?
5
Let u(j) = 25*j**2 + 28*j - 18. Let l(x) = 6*x**2 + 7*x - 4. Let n(k) = 9*l(k) - 2*u(k). Suppose t + 12 = 4*t. What is the tens digit of n(t)?
9
Suppose -545 - 245 = -5*m. Let h = -242 + m. What is the tens digit of (-189)/h*64/6?
2
Suppose -6*m = -4*m. Suppose -3*l + 8*l + x = 2160, x = m. Let w = l + -277. What is the hundreds digit of w?
1
Let a(k) = 2*k**2 + 2*k - 2. Let z be a(3). Suppose h - z = 54. What is the units digit of (h/(-4))/((5/2)/(-5))?
8
Let a be 3/(-1) - 5/(15/(-9)). Let z(q) = 0 + a - 2 - 4 - 97*q. What is the units digit of z(-1)?
1
Let x(g) = 28*g**2 - 89*g + 1145. What is the tens digit of x(11)?
5
Suppose -7*t + 6*t = -8*t + 19628. What is the hundreds digit of t?
8
Let x(w) = w**3 + 26*w**2 - 106*w + 444. What is the hundreds digit of x(-29)?
9
Suppose -4*l + 1861 = -5*d, 4*l = d + 3*l + 372. Let k = 256 - d. What is the hundreds digit of k?
6
Let w be (-32278)/(-6) - -1 - 50/75. Suppose -140*z + 130*z = -w. What is the hundreds digit of z?
5
Suppose d = -50 + 56. Let c be (d - 4)*(-130)/(-4). Suppose 0 = -u + 57 + c. What is the units digit of u?
2
Suppose -40*l = 2*l - 289716. What is the units digit of l?
8
Let x(g) = 2*g + 22. Let m = 66 - 59. What is the tens digit of x(m)?
3
Let i be 1/(24/72*3/(-28)). What is the hundreds digit of (-140)/i - (-1 - 425)?
4
Suppose -5*a - j + 43 = -3*j, a - 11 = j. What is the units digit of (5 - (-417 - 3)) + a?
2
Let d(t) = 126*t**2 - 62*t - 16. What is the tens digit of d(8)?
5
Let l(i) = -4*i**2 - 3*i + 4202. What is the hundreds digit of l(0)?
2
Let v(f) = -3*f**3 + 5*f**2 + 5. Suppose 5*l - 15 = 0, 3*o - 5*l = -4*l - 15. Let z be v(o). Let n = z + -151. What is the tens digit of n?
2
Let h(v) = v**2 - 11*v - 18. Suppose 0 = -4*k + 3*k - 432. Let w be 6/(-21) + k/(-42) - -3. What is the units digit of h(w)?
8
Let m be ((-13405)/(-10) - 3/6) + 5. What is the units digit of ((-14)/105 + (-8)/(-15))*m?
8
Let y(a) = 14*a - 22. Let q(n) = 10*n - 15. Let i(w) = 8*q(w) - 5*y(w). Let o be i(-1). Let l(k) = -k**2 - 25*k - 28. What is the tens digit of